ainder when 184 is divided by 37?
36
What is the remainder when 65 is divided by 65?
0
Calculate the remainder when 444 is divided by 27.
12
Calculate the remainder when 146 is divided by 54.
38
Calculate the remainder when 6057 is divided by 73.
71
What is the remainder when 8448 is divided by 130?
128
Calculate the remainder when 12 is divided by 5.
2
Calculate the remainder when 501 is divided by 32.
21
What is the remainder when 90 is divided by 31?
28
Calculate the remainder when 859 is divided by 16.
11
What is the remainder when 355 is divided by 146?
63
Calculate the remainder when 58 is divided by 56.
2
What is the remainder when 605 is divided by 119?
10
What is the remainder when 701 is divided by 64?
61
Calculate the remainder when 956 is divided by 29.
28
What is the remainder when 61 is divided by 38?
23
What is the remainder when 246 is divided by 62?
60
What is the remainder when 300 is divided by 14?
6
What is the remainder when 495 is divided by 31?
30
What is the remainder when 302 is divided by 86?
44
Calculate the remainder when 169 is divided by 16.
9
Calculate the remainder when 57 is divided by 17.
6
What is the remainder when 69 is divided by 13?
4
Calculate the remainder when 70468 is divided by 18.
16
Calculate the remainder when 16039 is divided by 191.
186
What is the remainder when 1483 is divided by 166?
155
What is the remainder when 577 is divided by 574?
3
Calculate the remainder when 7324 is divided by 17.
14
Calculate the remainder when 320 is divided by 17.
14
Calculate the remainder when 1135 is divided by 106.
75
Calculate the remainder when 2482 is divided by 23.
21
What is the remainder when 1895 is divided by 156?
23
Calculate the remainder when 3069 is divided by 237.
225
Calculate the remainder when 259 is divided by 86.
1
What is the remainder when 2817 is divided by 67?
3
What is the remainder when 1059 is divided by 14?
9
Calculate the remainder when 224 is divided by 222.
2
Calculate the remainder when 45 is divided by 16.
13
What is the remainder when 201 is divided by 58?
27
Calculate the remainder when 550 is divided by 24.
22
Calculate the remainder when 2769 is divided by 902.
63
What is the remainder when 582 is divided by 15?
12
What is the remainder when 2353 is divided by 8?
1
Calculate the remainder when 880 is divided by 49.
47
What is the remainder when 162 is divided by 24?
18
What is the remainder when 820 is divided by 137?
135
Calculate the remainder when 652 is divided by 73.
68
Calculate the remainder when 251 is divided by 133.
118
What is the remainder when 833 is divided by 11?
8
Calculate the remainder when 62 is divided by 16.
14
Calculate the remainder when 314 is divided by 35.
34
Calculate the remainder when 420 is divided by 98.
28
What is the remainder when 663 is divided by 268?
127
Calculate the remainder when 903 is divided by 5.
3
What is the remainder when 627 is divided by 83?
46
What is the remainder when 216 is divided by 4?
0
What is the remainder when 128 is divided by 7?
2
Calculate the remainder when 2893 is divided by 100.
93
Calculate the remainder when 647 is divided by 6.
5
What is the remainder when 142 is divided by 51?
40
What is the remainder when 2533 is divided by 65?
63
What is the remainder when 237 is divided by 80?
77
What is the remainder when 916 is divided by 51?
49
What is the remainder when 270 is divided by 96?
78
What is the remainder when 2123 is divided by 125?
123
What is the remainder when 53 is divided by 28?
25
Calculate the remainder when 53 is divided by 20.
13
What is the remainder when 282 is divided by 15?
12
Calculate the remainder when 909 is divided by 153.
144
Calculate the remainder when 275 is divided by 22.
11
What is the remainder when 172 is divided by 36?
28
What is the remainder when 313 is divided by 22?
5
What is the remainder when 226 is divided by 57?
55
Calculate the remainder when 2069 is divided by 173.
166
Calculate the remainder when 105 is divided by 49.
7
Calculate the remainder when 159 is divided by 37.
11
What is the remainder when 238 is divided by 75?
13
What is the remainder when 335 is divided by 14?
13
Calculate the remainder when 1638 is divided by 809.
20
Calculate the remainder when 499 is divided by 104.
83
Calculate the remainder when 117 is divided by 14.
5
Calculate the remainder when 899 is divided by 25.
24
What is the remainder when 461 is divided by 116?
113
Calculate the remainder when 261 is divided by 85.
6
Calculate the remainder when 21598 is divided by 80.
78
Calculate the remainder when 156 is divided by 79.
77
Calculate the remainder when 245 is divided by 18.
11
What is the remainder when 27 is divided by 22?
5
What is the remainder when 6048 is divided by 356?
352
Calculate the remainder when 121 is divided by 34.
19
Calculate the remainder when 2916 is divided by 13.
4
Calculate the remainder when 669 is divided by 12.
9
Calculate the remainder when 238 is divided by 48.
46
What is the remainder when 407 is divided by 23?
16
Calculate the remainder when 11517 is divided by 167.
161
What is the remainder when 1584 is divided by 43?
36
What is the remainder when 333 is divided by 67?
65
What is the remainder when 81 is divided by 31?
19
What is the remainder when 160 is divided by 39?
4
What is the remainder when 1502 is divided by 500?
2
What is the remainder when 974 is divided by 336?
302
Calculate the remainder when 6223 is divided by 5.
3
What is the remainder when 417 is divided by 203?
11
Calculate the remainder when 3132 is divided by 33.
30
Calculate the remainder when 1507 is divided by 72.
67
What is the remainder when 182 is divided by 15?
2
Calculate the remainder when 857 is divided by 234.
155
What is the remainder when 936 is divided by 40?
16
What is the remainder when 4154 is divided by 130?
124
What is the remainder when 449 is divided by 155?
139
What is the remainder when 535 is divided by 15?
10
What is the remainder when 307 is divided by 42?
13
What is the remainder when 279 is divided by 40?
39
What is the remainder when 161 is divided by 45?
26
Calculate the remainder when 925 is divided by 304.
13
Calculate the remainder when 591 is divided by 288.
15
Calculate the remainder when 819 is divided by 75.
69
What is the remainder when 252 is divided by 87?
78
Calculate the remainder when 557 is divided by 93.
92
Calculate the remainder when 374 is divided by 94.
92
What is the remainder when 119 is divided by 41?
37
Calculate the remainder when 261 is divided by 18.
9
What is the remainder when 2275 is divided by 756?
7
Calculate the remainder when 384 is divided by 11.
10
Calculate the remainder when 100 is divided by 14.
2
Calculate the remainder when 110 is divided by 60.
50
What is the remainder when 177 is divided by 33?
12
What is the remainder when 113 is divided by 77?
36
Calculate the remainder when 370 is divided by 53.
52
Calculate the remainder when 385 is divided by 162.
61
Calculate the remainder when 104 is divided by 39.
26
Calculate the remainder when 1092 is divided by 15.
12
What is the remainder when 302 is divided by 74?
6
What is the remainder when 44 is divided by 36?
8
What is the remainder when 32 is divided by 32?
0
Calculate the remainder when 152 is divided by 22.
20
Calculate the remainder when 9148 is divided by 75.
73
What is the remainder when 779 is divided by 52?
51
What is the remainder when 2461 is divided by 77?
74
Calculate the remainder when 4131 is divided by 197.
191
Calculate the remainder when 571 is divided by 190.
1
What is the remainder when 39 is divided by 23?
16
What is the remainder when 1588 is divided by 159?
157
Calculate the remainder when 2495 is divided by 179.
168
Calculate the remainder when 612 is divided by 88.
84
Calculate the remainder when 118 is divided by 91.
27
Calculate the remainder when 13374 is divided by 273.
270
What is the remainder when 4759 is divided by 23?
21
Calculate the remainder when 232 is divided by 31.
15
What is the remainder when 116 is divided by 6?
2
What is the remainder when 1313 is divided by 21?
11
What is the remainder when 188 is divided by 19?
17
Calculate the remainder when 27 is divided by 7.
6
Calculate the remainder when 12931 is divided by 244.
243
Ca